{"id":852,"date":"2023-09-21T16:30:18","date_gmt":"2023-09-21T19:30:18","guid":{"rendered":"https:\/\/jotakaele.com.br\/?post_type=product&#038;p=852"},"modified":"2023-09-27T16:16:29","modified_gmt":"2023-09-27T19:16:29","slug":"mangueira-jardim","status":"publish","type":"product","link":"https:\/\/jotakaele.com.br\/index.php\/produto\/mangueira-jardim\/","title":{"rendered":"Mangueira de Jardim"},"content":{"rendered":"\n<p class=\"has-black-color has-text-color has-small-font-size\"><strong>DESCRI\u00c7\u00c3O COMPLETA<\/strong><\/p>\n\n\n\n<p class=\"has-small-font-size\">Mangueira jardim tricotada laranja premium system.<\/p>\n\n\n\n<p class=\"has-small-font-size\">A<strong>\u00a0<\/strong>mangueira<strong> \u00a0<\/strong>\u00e9 composta por tubo interno de PVC flex\u00edvel \u00a0(policloreto de vinila), refor\u00e7ada com uma camada de fios de poli\u00e9ster e cobertura externa em PVC flex\u00edvel (Policloreto de vinila).<\/p>\n","protected":false},"excerpt":{"rendered":"<p>MANGUEIRA JARDIM TRICOTADA LARANJA PREMIUM SYSTEM 1\/2 X 2.5 X 100M<\/p>\n","protected":false},"featured_media":1051,"comment_status":"open","ping_status":"closed","template":"","meta":[],"product_brand":[],"product_cat":[31],"product_tag":[],"class_list":{"0":"post-852","1":"product","2":"type-product","3":"status-publish","4":"has-post-thumbnail","6":"product_cat-acessorios","8":"first","9":"instock","10":"shipping-taxable","11":"product-type-simple"},"_links":{"self":[{"href":"https:\/\/jotakaele.com.br\/index.php\/wp-json\/wp\/v2\/product\/852","targetHints":{"allow":["GET"]}}],"collection":[{"href":"https:\/\/jotakaele.com.br\/index.php\/wp-json\/wp\/v2\/product"}],"about":[{"href":"https:\/\/jotakaele.com.br\/index.php\/wp-json\/wp\/v2\/types\/product"}],"replies":[{"embeddable":true,"href":"https:\/\/jotakaele.com.br\/index.php\/wp-json\/wp\/v2\/comments?post=852"}],"wp:featuredmedia":[{"embeddable":true,"href":"https:\/\/jotakaele.com.br\/index.php\/wp-json\/wp\/v2\/media\/1051"}],"wp:attachment":[{"href":"https:\/\/jotakaele.com.br\/index.php\/wp-json\/wp\/v2\/media?parent=852"}],"wp:term":[{"taxonomy":"product_brand","embeddable":true,"href":"https:\/\/jotakaele.com.br\/index.php\/wp-json\/wp\/v2\/product_brand?post=852"},{"taxonomy":"product_cat","embeddable":true,"href":"https:\/\/jotakaele.com.br\/index.php\/wp-json\/wp\/v2\/product_cat?post=852"},{"taxonomy":"product_tag","embeddable":true,"href":"https:\/\/jotakaele.com.br\/index.php\/wp-json\/wp\/v2\/product_tag?post=852"}],"curies":[{"name":"wp","href":"https:\/\/api.w.org\/{rel}","templated":true}]}}