{"id":844,"date":"2023-09-21T16:14:22","date_gmt":"2023-09-21T19:14:22","guid":{"rendered":"https:\/\/jotakaele.com.br\/?post_type=product&#038;p=844"},"modified":"2023-09-27T16:20:19","modified_gmt":"2023-09-27T19:20:19","slug":"catraca","status":"publish","type":"product","link":"https:\/\/jotakaele.com.br\/index.php\/produto\/catraca\/","title":{"rendered":"Catraca Cinta Fita Amarrar Carga"},"content":{"rendered":"\n<p class=\"has-black-color has-text-color has-small-font-size\"><strong>DESCRI\u00c7\u00c3O COMPLETA<\/strong><\/p>\n\n\n\n<p class=\"has-small-font-size\">Cinta de amarra\u00e7\u00e3o com catraca \u00e9 um dispositivo composto por fita plana poli\u00e9ster de multifilamento de alta tenacidade com capacidade de 2 toneladas (2000 Kg) com cinta de 6 metros de comprimento e 35mm da largura. Fita 100% poli\u00e9ster, tratada quimicamente, absorvendo assim menor quantidade de \u00e1gua. Conforme exig\u00eancia, alguns materiais passam por um tratamento t\u00e9rmico. A Cinta de Amarra\u00e7\u00e3o de Carga possui costuras na cor preta em sua superf\u00edcie, que indicam visualmente sua capacidade.\u00a0<\/p>\n","protected":false},"excerpt":{"rendered":"<p>DESCRI\u00c7\u00c3O COMPLETA Cinta de amarra\u00e7\u00e3o com catraca \u00e9 um dispositivo composto por fita plana poli\u00e9ster de multifilamento de alta tenacidade com capacidade de 2 toneladas (2000 Kg) com cinta de 6 metros de comprimento e 35mm da largura. Fita 100% poli\u00e9ster, tratada quimicamente, absorvendo assim menor quantidade de \u00e1gua. Conforme exig\u00eancia, alguns materiais passam por [&hellip;]<\/p>\n","protected":false},"featured_media":1054,"comment_status":"open","ping_status":"closed","template":"","meta":[],"product_brand":[],"product_cat":[31],"product_tag":[],"class_list":{"0":"post-844","1":"product","2":"type-product","3":"status-publish","4":"has-post-thumbnail","6":"product_cat-acessorios","8":"first","9":"instock","10":"shipping-taxable","11":"product-type-simple"},"_links":{"self":[{"href":"https:\/\/jotakaele.com.br\/index.php\/wp-json\/wp\/v2\/product\/844","targetHints":{"allow":["GET"]}}],"collection":[{"href":"https:\/\/jotakaele.com.br\/index.php\/wp-json\/wp\/v2\/product"}],"about":[{"href":"https:\/\/jotakaele.com.br\/index.php\/wp-json\/wp\/v2\/types\/product"}],"replies":[{"embeddable":true,"href":"https:\/\/jotakaele.com.br\/index.php\/wp-json\/wp\/v2\/comments?post=844"}],"wp:featuredmedia":[{"embeddable":true,"href":"https:\/\/jotakaele.com.br\/index.php\/wp-json\/wp\/v2\/media\/1054"}],"wp:attachment":[{"href":"https:\/\/jotakaele.com.br\/index.php\/wp-json\/wp\/v2\/media?parent=844"}],"wp:term":[{"taxonomy":"product_brand","embeddable":true,"href":"https:\/\/jotakaele.com.br\/index.php\/wp-json\/wp\/v2\/product_brand?post=844"},{"taxonomy":"product_cat","embeddable":true,"href":"https:\/\/jotakaele.com.br\/index.php\/wp-json\/wp\/v2\/product_cat?post=844"},{"taxonomy":"product_tag","embeddable":true,"href":"https:\/\/jotakaele.com.br\/index.php\/wp-json\/wp\/v2\/product_tag?post=844"}],"curies":[{"name":"wp","href":"https:\/\/api.w.org\/{rel}","templated":true}]}}