{"id":837,"date":"2023-09-21T14:57:34","date_gmt":"2023-09-21T17:57:34","guid":{"rendered":"https:\/\/jotakaele.com.br\/?post_type=product&#038;p=837"},"modified":"2023-09-27T15:07:45","modified_gmt":"2023-09-27T18:07:45","slug":"cinto-tipo-paraquedista-ca-35-513","status":"publish","type":"product","link":"https:\/\/jotakaele.com.br\/index.php\/produto\/cinto-tipo-paraquedista-ca-35-513\/","title":{"rendered":"Cinto Paraquedista Mult"},"content":{"rendered":"\n<p class=\"has-black-color has-text-color has-small-font-size\"><strong>DESCRI\u00c7\u00c3O COMPLETA<\/strong><\/p>\n\n\n\n<p class=\"has-small-font-size\">Confeccionado em fita de Poli\u00e9ster<br>01 meia-argola com ponto de conex\u00e3o dorsal;<br>03 fivelas duplas para ajuste nas pernas e na cintura;<br>Ajuste peitoral.<\/p>\n\n\n\n<p class=\"has-black-color has-text-color has-small-font-size\"><strong>CA: 35.513<\/strong><\/p>\n\n\n\n<p class=\"has-black-color has-text-color has-small-font-size\"><br>&nbsp;<br><strong>INDICA\u00c7\u00c3O<\/strong><\/p>\n\n\n\n<p class=\"has-small-font-size\">Cintur\u00e3o Paraquedista de seguran\u00e7a com 1 ponto de ancoragem, indicado para Constru\u00e7\u00e3o Civil e Ind\u00fastria.<\/p>\n","protected":false},"excerpt":{"rendered":"<p>CA: 35.513<\/p>\n","protected":false},"featured_media":839,"comment_status":"open","ping_status":"closed","template":"","meta":[],"product_brand":[],"product_cat":[20],"product_tag":[],"class_list":{"0":"post-837","1":"product","2":"type-product","3":"status-publish","4":"has-post-thumbnail","6":"product_cat-protecao-corporal","8":"first","9":"instock","10":"shipping-taxable","11":"product-type-simple"},"_links":{"self":[{"href":"https:\/\/jotakaele.com.br\/index.php\/wp-json\/wp\/v2\/product\/837","targetHints":{"allow":["GET"]}}],"collection":[{"href":"https:\/\/jotakaele.com.br\/index.php\/wp-json\/wp\/v2\/product"}],"about":[{"href":"https:\/\/jotakaele.com.br\/index.php\/wp-json\/wp\/v2\/types\/product"}],"replies":[{"embeddable":true,"href":"https:\/\/jotakaele.com.br\/index.php\/wp-json\/wp\/v2\/comments?post=837"}],"wp:featuredmedia":[{"embeddable":true,"href":"https:\/\/jotakaele.com.br\/index.php\/wp-json\/wp\/v2\/media\/839"}],"wp:attachment":[{"href":"https:\/\/jotakaele.com.br\/index.php\/wp-json\/wp\/v2\/media?parent=837"}],"wp:term":[{"taxonomy":"product_brand","embeddable":true,"href":"https:\/\/jotakaele.com.br\/index.php\/wp-json\/wp\/v2\/product_brand?post=837"},{"taxonomy":"product_cat","embeddable":true,"href":"https:\/\/jotakaele.com.br\/index.php\/wp-json\/wp\/v2\/product_cat?post=837"},{"taxonomy":"product_tag","embeddable":true,"href":"https:\/\/jotakaele.com.br\/index.php\/wp-json\/wp\/v2\/product_tag?post=837"}],"curies":[{"name":"wp","href":"https:\/\/api.w.org\/{rel}","templated":true}]}}