{"id":824,"date":"2023-09-21T14:40:17","date_gmt":"2023-09-21T17:40:17","guid":{"rendered":"https:\/\/jotakaele.com.br\/?post_type=product&#038;p=824"},"modified":"2023-09-27T14:34:02","modified_gmt":"2023-09-27T17:34:02","slug":"protetor-facial-ca-15-019","status":"publish","type":"product","link":"https:\/\/jotakaele.com.br\/index.php\/produto\/protetor-facial-ca-15-019\/","title":{"rendered":"Protetor Facial"},"content":{"rendered":"\n<p class=\"has-black-color has-text-color has-small-font-size\"><strong>DESCRI\u00c7\u00c3O COMPLETA<\/strong><\/p>\n\n\n\n<p class=\"has-small-font-size\"><br>Protetor facial composto de coroa de material pl\u00e1stico r\u00edgido preto que cobre a parte frontal do cr\u00e2nio do usu\u00e1rio e se estende at\u00e9 a parte lateral da cabe\u00e7a, visor confeccionado em policarbonato incolor.<\/p>\n\n\n\n<p class=\"has-black-color has-text-color has-small-font-size\"><strong>CA: 15.019<\/strong><\/p>\n\n\n\n<p class=\"has-black-color has-text-color has-small-font-size\"><strong>INDICADO<\/strong><\/p>\n\n\n\n<p class=\"has-small-font-size\">Para proteger os olhos dos usu\u00e1rios contra impactos de part\u00edculas volantes frontais.<\/p>\n","protected":false},"excerpt":{"rendered":"<p>CA: 15.019<\/p>\n<p>\u00a0<\/p>\n","protected":false},"featured_media":894,"comment_status":"open","ping_status":"closed","template":"","meta":[],"product_brand":[],"product_cat":[27],"product_tag":[],"class_list":{"0":"post-824","1":"product","2":"type-product","3":"status-publish","4":"has-post-thumbnail","6":"product_cat-protecao-cabeca-e-face","8":"first","9":"instock","10":"shipping-taxable","11":"product-type-simple"},"_links":{"self":[{"href":"https:\/\/jotakaele.com.br\/index.php\/wp-json\/wp\/v2\/product\/824","targetHints":{"allow":["GET"]}}],"collection":[{"href":"https:\/\/jotakaele.com.br\/index.php\/wp-json\/wp\/v2\/product"}],"about":[{"href":"https:\/\/jotakaele.com.br\/index.php\/wp-json\/wp\/v2\/types\/product"}],"replies":[{"embeddable":true,"href":"https:\/\/jotakaele.com.br\/index.php\/wp-json\/wp\/v2\/comments?post=824"}],"wp:featuredmedia":[{"embeddable":true,"href":"https:\/\/jotakaele.com.br\/index.php\/wp-json\/wp\/v2\/media\/894"}],"wp:attachment":[{"href":"https:\/\/jotakaele.com.br\/index.php\/wp-json\/wp\/v2\/media?parent=824"}],"wp:term":[{"taxonomy":"product_brand","embeddable":true,"href":"https:\/\/jotakaele.com.br\/index.php\/wp-json\/wp\/v2\/product_brand?post=824"},{"taxonomy":"product_cat","embeddable":true,"href":"https:\/\/jotakaele.com.br\/index.php\/wp-json\/wp\/v2\/product_cat?post=824"},{"taxonomy":"product_tag","embeddable":true,"href":"https:\/\/jotakaele.com.br\/index.php\/wp-json\/wp\/v2\/product_tag?post=824"}],"curies":[{"name":"wp","href":"https:\/\/api.w.org\/{rel}","templated":true}]}}