{"id":790,"date":"2023-09-21T13:38:16","date_gmt":"2023-09-21T16:38:16","guid":{"rendered":"https:\/\/jotakaele.com.br\/?post_type=product&#038;p=790"},"modified":"2023-09-27T14:23:16","modified_gmt":"2023-09-27T17:23:16","slug":"capacete-de-seguranca-branco-ca-12-354","status":"publish","type":"product","link":"https:\/\/jotakaele.com.br\/index.php\/produto\/capacete-de-seguranca-branco-ca-12-354\/","title":{"rendered":"Capacete de Seguran\u00e7a Classe B- Branco"},"content":{"rendered":"\n<p class=\"has-black-color has-text-color has-small-font-size\" id=\"block-81dbad87-d4a6-49fc-ab54-4797a4925090\"><strong>DESCRI\u00c7\u00c3O COMPLETA<\/strong><\/p>\n\n\n\n<p class=\"has-small-font-size\" id=\"block-085a7838-6f30-4036-8700-618b6f9ef27d\">Capacete de seguran\u00e7a, Tipo II, classe B, aba frontal, carneira injetada em pl\u00e1stico, coroa composta de duas tiras de tecido poli\u00e9ster cruzadas, com regulagem atrav\u00e9s de ajuste simples e tira absorvedora de suor, possui fendas laterais para acoplagem de acess\u00f3rios, protetor auditivo e protetor facial, com ou sem jugular ajust\u00e1vel.<\/p>\n\n\n\n<p class=\"has-black-color has-text-color has-small-font-size\"><strong>CA: 12.354<\/strong><\/p>\n\n\n\n<p class=\"has-black-color has-text-color has-small-font-size\" id=\"block-e6f9d144-c6b0-485a-a7aa-f480cc777949\"><strong>INDICA\u00c7\u00c3O<\/strong><\/p>\n\n\n\n<p class=\"has-small-font-size\" id=\"block-1e8cd48e-4efe-47b6-9064-47ea53dad2ca\">Prote\u00e7\u00e3o da cabe\u00e7a do usu\u00e1rio contra impactos de objetos sobre o cr\u00e2nio e contra choques el\u00e9tricos.<\/p>\n","protected":false},"excerpt":{"rendered":"<p>CA: 12.354<\/p>\n","protected":false},"featured_media":912,"comment_status":"open","ping_status":"closed","template":"","meta":[],"product_brand":[],"product_cat":[27],"product_tag":[],"class_list":{"0":"post-790","1":"product","2":"type-product","3":"status-publish","4":"has-post-thumbnail","6":"product_cat-protecao-cabeca-e-face","8":"first","9":"instock","10":"shipping-taxable","11":"product-type-simple"},"_links":{"self":[{"href":"https:\/\/jotakaele.com.br\/index.php\/wp-json\/wp\/v2\/product\/790","targetHints":{"allow":["GET"]}}],"collection":[{"href":"https:\/\/jotakaele.com.br\/index.php\/wp-json\/wp\/v2\/product"}],"about":[{"href":"https:\/\/jotakaele.com.br\/index.php\/wp-json\/wp\/v2\/types\/product"}],"replies":[{"embeddable":true,"href":"https:\/\/jotakaele.com.br\/index.php\/wp-json\/wp\/v2\/comments?post=790"}],"wp:featuredmedia":[{"embeddable":true,"href":"https:\/\/jotakaele.com.br\/index.php\/wp-json\/wp\/v2\/media\/912"}],"wp:attachment":[{"href":"https:\/\/jotakaele.com.br\/index.php\/wp-json\/wp\/v2\/media?parent=790"}],"wp:term":[{"taxonomy":"product_brand","embeddable":true,"href":"https:\/\/jotakaele.com.br\/index.php\/wp-json\/wp\/v2\/product_brand?post=790"},{"taxonomy":"product_cat","embeddable":true,"href":"https:\/\/jotakaele.com.br\/index.php\/wp-json\/wp\/v2\/product_cat?post=790"},{"taxonomy":"product_tag","embeddable":true,"href":"https:\/\/jotakaele.com.br\/index.php\/wp-json\/wp\/v2\/product_tag?post=790"}],"curies":[{"name":"wp","href":"https:\/\/api.w.org\/{rel}","templated":true}]}}