{"id":728,"date":"2023-09-20T15:47:01","date_gmt":"2023-09-20T18:47:01","guid":{"rendered":"https:\/\/jotakaele.com.br\/?post_type=product&#038;p=728"},"modified":"2023-09-28T15:24:44","modified_gmt":"2023-09-28T18:24:44","slug":"creme-de-protecao","status":"publish","type":"product","link":"https:\/\/jotakaele.com.br\/index.php\/produto\/creme-de-protecao\/","title":{"rendered":"Creme Protetor Luvex 50 &#8211; 120g"},"content":{"rendered":"\n<p class=\"has-black-color has-text-color has-small-font-size\"><strong>DESCRI\u00c7\u00c3O COMPLETA<\/strong><\/p>\n\n\n\n<p class=\"has-white-color has-text-color has-small-font-size\">Quando aplicado sobre a pele do usu\u00e1rio, proporciona prote\u00e7\u00e3o efetiva contra o ataque de diversos agentes qu\u00edmicos como tolueno, xileno, benzina, querosene, aguarraz, thinner, metiletilcetona, gasolina, \u00f3leo mineral, \u00f3leo diesel, acetona, p\u00f3s em geral, percloroetileno, cloreto de metileno, tintas, adesivos, \u00e1cido fosf\u00f3rico (15%), \u00e1cido clor\u00eddrico (15%), \u00e1cido sulf\u00farico (15%), \u00e1cido ac\u00e9tico (10%), hidr\u00f3xido de s\u00f3dio (10%). Tamb\u00e9m protege a pele da a\u00e7\u00e3o de radia\u00e7\u00f5es n\u00e3o ionizantes imediatamente quando aplicado, sendo adequado o uso em ambientes externos.<\/p>\n\n\n\n<p class=\"has-black-color has-text-color has-small-font-size\"><strong>CA 38.199<\/strong><\/p>\n\n\n\n<p class=\"has-white-color has-text-color has-small-font-size\">Caracter\u00edsticas Gerais:<br>\u2013 \u00c1gua resistente;<br>\u2013 \u00d3leo resistente;<br>\u2013 Pintura resistente;<br>\u2013 \u00c1cido resistente;<br>\u2013 Com Vitamina E;<br>\u2013 Com a\u00e7\u00e3o imediata;<br>\u2013 Formula\u00e7\u00e3o Oil Free;<br>\u2013 Hipoalerg\u00eanico;<br>\u2013 Dermatologicamente testado;<br>\u2013 Prote\u00e7\u00e3o solar 50<br>\u2013 Para uso em ambientes externos;<\/p>\n","protected":false},"excerpt":{"rendered":"<p>DESCRI\u00c7\u00c3O COMPLETA Quando aplicado sobre a pele do usu\u00e1rio, proporciona prote\u00e7\u00e3o efetiva contra o ataque de diversos agentes qu\u00edmicos como tolueno, xileno, benzina, querosene, aguarraz, thinner, metiletilcetona, gasolina, \u00f3leo mineral, \u00f3leo diesel, acetona, p\u00f3s em geral, percloroetileno, cloreto de metileno, tintas, adesivos, \u00e1cido fosf\u00f3rico (15%), \u00e1cido clor\u00eddrico (15%), \u00e1cido sulf\u00farico (15%), \u00e1cido ac\u00e9tico (10%), hidr\u00f3xido [&hellip;]<\/p>\n","protected":false},"featured_media":945,"comment_status":"open","ping_status":"closed","template":"","meta":[],"product_brand":[],"product_cat":[18],"product_tag":[],"class_list":{"0":"post-728","1":"product","2":"type-product","3":"status-publish","4":"has-post-thumbnail","6":"product_cat-protecao-para-maos","8":"first","9":"instock","10":"shipping-taxable","11":"product-type-simple"},"_links":{"self":[{"href":"https:\/\/jotakaele.com.br\/index.php\/wp-json\/wp\/v2\/product\/728","targetHints":{"allow":["GET"]}}],"collection":[{"href":"https:\/\/jotakaele.com.br\/index.php\/wp-json\/wp\/v2\/product"}],"about":[{"href":"https:\/\/jotakaele.com.br\/index.php\/wp-json\/wp\/v2\/types\/product"}],"replies":[{"embeddable":true,"href":"https:\/\/jotakaele.com.br\/index.php\/wp-json\/wp\/v2\/comments?post=728"}],"wp:featuredmedia":[{"embeddable":true,"href":"https:\/\/jotakaele.com.br\/index.php\/wp-json\/wp\/v2\/media\/945"}],"wp:attachment":[{"href":"https:\/\/jotakaele.com.br\/index.php\/wp-json\/wp\/v2\/media?parent=728"}],"wp:term":[{"taxonomy":"product_brand","embeddable":true,"href":"https:\/\/jotakaele.com.br\/index.php\/wp-json\/wp\/v2\/product_brand?post=728"},{"taxonomy":"product_cat","embeddable":true,"href":"https:\/\/jotakaele.com.br\/index.php\/wp-json\/wp\/v2\/product_cat?post=728"},{"taxonomy":"product_tag","embeddable":true,"href":"https:\/\/jotakaele.com.br\/index.php\/wp-json\/wp\/v2\/product_tag?post=728"}],"curies":[{"name":"wp","href":"https:\/\/api.w.org\/{rel}","templated":true}]}}