{"id":641,"date":"2023-09-20T13:42:45","date_gmt":"2023-09-20T16:42:45","guid":{"rendered":"https:\/\/jotakaele.com.br\/?post_type=product&#038;p=641"},"modified":"2023-10-03T17:33:50","modified_gmt":"2023-10-03T20:33:50","slug":"placa-lisa","status":"publish","type":"product","link":"https:\/\/jotakaele.com.br\/index.php\/produto\/placa-lisa\/","title":{"rendered":"Placa Numerologia Produtos Perigosos Lisa"},"content":{"rendered":"\n<p class=\"has-black-color has-text-color has-small-font-size\"><strong>DESCRI\u00c7\u00c3O COMPLETA<\/strong><\/p>\n\n\n\n<p><\/p>\n\n\n\n<p class=\"has-white-color has-text-color has-small-font-size\">Placa de sinaliza\u00e7\u00e3o produzida em\u00a0PVC (Policloreto de vinila) 2mm ou 3mm para identifica\u00e7\u00e3o de ve\u00edculos transportador de cargas perigosas, tendo como objetivo alertar para os riscos existentes.<\/p>\n\n\n\n<p class=\"has-black-color has-text-color has-small-font-size\"><br>\u00a0<br><strong><em>Placa Lisa, para a adesivagem da numera\u00e7\u00e3o que o cliente precisa.<\/em><\/strong><\/p>\n","protected":false},"excerpt":{"rendered":"<p>DESCRI\u00c7\u00c3O COMPLETA Placa de sinaliza\u00e7\u00e3o produzida em\u00a0PVC (Policloreto de vinila) 2mm ou 3mm para identifica\u00e7\u00e3o de ve\u00edculos transportador de cargas perigosas, tendo como objetivo alertar para os riscos existentes. \u00a0Placa Lisa, para a adesivagem da numera\u00e7\u00e3o que o cliente precisa.<\/p>\n","protected":false},"featured_media":1105,"comment_status":"open","ping_status":"closed","template":"","meta":[],"product_brand":[],"product_cat":[26],"product_tag":[],"class_list":{"0":"post-641","1":"product","2":"type-product","3":"status-publish","4":"has-post-thumbnail","6":"product_cat-paineis-de-seguranca","8":"first","9":"instock","10":"shipping-taxable","11":"product-type-simple"},"_links":{"self":[{"href":"https:\/\/jotakaele.com.br\/index.php\/wp-json\/wp\/v2\/product\/641","targetHints":{"allow":["GET"]}}],"collection":[{"href":"https:\/\/jotakaele.com.br\/index.php\/wp-json\/wp\/v2\/product"}],"about":[{"href":"https:\/\/jotakaele.com.br\/index.php\/wp-json\/wp\/v2\/types\/product"}],"replies":[{"embeddable":true,"href":"https:\/\/jotakaele.com.br\/index.php\/wp-json\/wp\/v2\/comments?post=641"}],"wp:featuredmedia":[{"embeddable":true,"href":"https:\/\/jotakaele.com.br\/index.php\/wp-json\/wp\/v2\/media\/1105"}],"wp:attachment":[{"href":"https:\/\/jotakaele.com.br\/index.php\/wp-json\/wp\/v2\/media?parent=641"}],"wp:term":[{"taxonomy":"product_brand","embeddable":true,"href":"https:\/\/jotakaele.com.br\/index.php\/wp-json\/wp\/v2\/product_brand?post=641"},{"taxonomy":"product_cat","embeddable":true,"href":"https:\/\/jotakaele.com.br\/index.php\/wp-json\/wp\/v2\/product_cat?post=641"},{"taxonomy":"product_tag","embeddable":true,"href":"https:\/\/jotakaele.com.br\/index.php\/wp-json\/wp\/v2\/product_tag?post=641"}],"curies":[{"name":"wp","href":"https:\/\/api.w.org\/{rel}","templated":true}]}}