{"id":600,"date":"2023-09-19T17:38:12","date_gmt":"2023-09-19T20:38:12","guid":{"rendered":"https:\/\/jotakaele.com.br\/?post_type=product&#038;p=600"},"modified":"2023-09-29T14:15:59","modified_gmt":"2023-09-29T17:15:59","slug":"gasolina-c-33-1203","status":"publish","type":"product","link":"https:\/\/jotakaele.com.br\/index.php\/produto\/gasolina-c-33-1203\/","title":{"rendered":"Placa Numerologia ONU 33-1203"},"content":{"rendered":"\n<p class=\"has-black-color has-text-color has-small-font-size\"><strong>DESCRI\u00c7\u00c3O COMPLETA<\/strong><\/p>\n\n\n\n<p><\/p>\n\n\n\n<p class=\"has-small-font-size\">Placa de sinaliza\u00e7\u00e3o produzida em\u00a0PVC (Policloreto de vinila) 2mm ou 3mm para identifica\u00e7\u00e3o de ve\u00edculos transportador de cargas perigosas, tendo como objetivo alertar para os riscos existentes.<\/p>\n\n\n\n<p class=\"has-black-color has-text-color has-small-font-size\"><br>\u00a0<br><strong><em>33-1203 Gasolina C.<\/em><\/strong><\/p>\n","protected":false},"excerpt":{"rendered":"<p>DESCRI\u00c7\u00c3O COMPLETA Placa de sinaliza\u00e7\u00e3o produzida em\u00a0PVC (Policloreto de vinila) 2mm ou 3mm para identifica\u00e7\u00e3o de ve\u00edculos transportador de cargas perigosas, tendo como objetivo alertar para os riscos existentes. \u00a033-1203 Gasolina C.<\/p>\n","protected":false},"featured_media":1100,"comment_status":"open","ping_status":"closed","template":"","meta":[],"product_brand":[],"product_cat":[26],"product_tag":[],"class_list":{"0":"post-600","1":"product","2":"type-product","3":"status-publish","4":"has-post-thumbnail","6":"product_cat-paineis-de-seguranca","8":"first","9":"instock","10":"shipping-taxable","11":"product-type-simple"},"_links":{"self":[{"href":"https:\/\/jotakaele.com.br\/index.php\/wp-json\/wp\/v2\/product\/600","targetHints":{"allow":["GET"]}}],"collection":[{"href":"https:\/\/jotakaele.com.br\/index.php\/wp-json\/wp\/v2\/product"}],"about":[{"href":"https:\/\/jotakaele.com.br\/index.php\/wp-json\/wp\/v2\/types\/product"}],"replies":[{"embeddable":true,"href":"https:\/\/jotakaele.com.br\/index.php\/wp-json\/wp\/v2\/comments?post=600"}],"wp:featuredmedia":[{"embeddable":true,"href":"https:\/\/jotakaele.com.br\/index.php\/wp-json\/wp\/v2\/media\/1100"}],"wp:attachment":[{"href":"https:\/\/jotakaele.com.br\/index.php\/wp-json\/wp\/v2\/media?parent=600"}],"wp:term":[{"taxonomy":"product_brand","embeddable":true,"href":"https:\/\/jotakaele.com.br\/index.php\/wp-json\/wp\/v2\/product_brand?post=600"},{"taxonomy":"product_cat","embeddable":true,"href":"https:\/\/jotakaele.com.br\/index.php\/wp-json\/wp\/v2\/product_cat?post=600"},{"taxonomy":"product_tag","embeddable":true,"href":"https:\/\/jotakaele.com.br\/index.php\/wp-json\/wp\/v2\/product_tag?post=600"}],"curies":[{"name":"wp","href":"https:\/\/api.w.org\/{rel}","templated":true}]}}