{"id":462,"date":"2023-09-19T13:53:17","date_gmt":"2023-09-19T16:53:17","guid":{"rendered":"https:\/\/jotakaele.com.br\/?post_type=product&#038;p=462"},"modified":"2023-09-27T14:46:13","modified_gmt":"2023-09-27T17:46:13","slug":"oculos-smoke-ca-38-251","status":"publish","type":"product","link":"https:\/\/jotakaele.com.br\/index.php\/produto\/oculos-smoke-ca-38-251\/","title":{"rendered":"\u00d3culos de Prote\u00e7\u00e3o Meia Smoke"},"content":{"rendered":"\n<p class=\"has-black-color has-text-color has-small-font-size\"><strong>DESCRI\u00c7\u00c3O DO PRODUTO<\/strong><\/p>\n\n\n\n<p class=\"has-small-font-size\">\u00d3culos com lente \u00fanica em policarbonato. Prote\u00e7\u00e3o UV-400 (UVA e UVB) e antirrisco. Arma\u00e7\u00e3o com pinos met\u00e1licos. Ponte nasal integrada em policarbonato. Hastes em policarbonato com pontas antideslizantes em PVC.\u00a0 Benef\u00edcios\u00a0&#8211;\u00a0Conforto, design e leveza &#8211;\u00a0Prote\u00e7\u00e3o UV-400 (UVA e UVB) e antirrisco.<\/p>\n\n\n\n<p class=\"has-black-color has-text-color has-small-font-size\"><strong>CA: 38.251<br><\/strong><\/p>\n\n\n\n<p class=\"has-black-color has-text-color has-small-font-size\"><strong>INDICA\u00c7\u00c3O<\/strong><\/p>\n\n\n\n<p class=\"has-small-font-size\">Montadora, funilaria, auto mec\u00e2nica, fundi\u00e7\u00e3o, usinagem, serralheria, marcenaria, limpeza, log\u00edstica, transportes, constru\u00e7\u00e3o civil, agricultura, petroqu\u00edmico, laborat\u00f3rio, aeroportos e etc.<\/p>\n","protected":false},"excerpt":{"rendered":"<p>CA: 38.251<\/p>\n<p>\u00a0<\/p>\n","protected":false},"featured_media":924,"comment_status":"open","ping_status":"closed","template":"","meta":[],"product_brand":[],"product_cat":[27],"product_tag":[],"class_list":{"0":"post-462","1":"product","2":"type-product","3":"status-publish","4":"has-post-thumbnail","6":"product_cat-protecao-cabeca-e-face","8":"first","9":"instock","10":"shipping-taxable","11":"product-type-simple"},"_links":{"self":[{"href":"https:\/\/jotakaele.com.br\/index.php\/wp-json\/wp\/v2\/product\/462","targetHints":{"allow":["GET"]}}],"collection":[{"href":"https:\/\/jotakaele.com.br\/index.php\/wp-json\/wp\/v2\/product"}],"about":[{"href":"https:\/\/jotakaele.com.br\/index.php\/wp-json\/wp\/v2\/types\/product"}],"replies":[{"embeddable":true,"href":"https:\/\/jotakaele.com.br\/index.php\/wp-json\/wp\/v2\/comments?post=462"}],"wp:featuredmedia":[{"embeddable":true,"href":"https:\/\/jotakaele.com.br\/index.php\/wp-json\/wp\/v2\/media\/924"}],"wp:attachment":[{"href":"https:\/\/jotakaele.com.br\/index.php\/wp-json\/wp\/v2\/media?parent=462"}],"wp:term":[{"taxonomy":"product_brand","embeddable":true,"href":"https:\/\/jotakaele.com.br\/index.php\/wp-json\/wp\/v2\/product_brand?post=462"},{"taxonomy":"product_cat","embeddable":true,"href":"https:\/\/jotakaele.com.br\/index.php\/wp-json\/wp\/v2\/product_cat?post=462"},{"taxonomy":"product_tag","embeddable":true,"href":"https:\/\/jotakaele.com.br\/index.php\/wp-json\/wp\/v2\/product_tag?post=462"}],"curies":[{"name":"wp","href":"https:\/\/api.w.org\/{rel}","templated":true}]}}