{"id":383,"date":"2023-09-18T16:53:36","date_gmt":"2023-09-18T19:53:36","guid":{"rendered":"https:\/\/jotakaele.com.br\/?post_type=product&#038;p=383"},"modified":"2023-09-27T14:56:01","modified_gmt":"2023-09-27T17:56:01","slug":"luva-de-pvc-forrada-ca-30-915","status":"publish","type":"product","link":"https:\/\/jotakaele.com.br\/index.php\/produto\/luva-de-pvc-forrada-ca-30-915\/","title":{"rendered":"Luva PVC Forrada Palma \u00c1spera"},"content":{"rendered":"\n<p class=\"has-black-color has-text-color has-small-font-size\"><strong>DESCRI\u00c7\u00c3O COMPLETA<\/strong><\/p>\n\n\n\n<p class=\"has-small-font-size\">Luva de seguran\u00e7a confeccionada em PVC, suporte t\u00eaxtil em malha de suedine (algod\u00e3o), acabamento \u00e1spero.\u00a0<\/p>\n\n\n\n<p class=\"has-black-color has-text-color has-small-font-size\"><strong>CA: 30.915<\/strong><\/p>\n\n\n\n<p class=\"has-black-color has-text-color has-small-font-size\"><strong>INDICA\u00c7\u00c3O<\/strong><\/p>\n\n\n\n<p class=\"has-small-font-size\">Modelo indicado para diversas atividades profissionais como: agricultura; pecu\u00e1ria; industrias metal-mec\u00e2nica; automobil\u00edstica; auto pe\u00e7as; siderurgicas; metalurgicas; expedi\u00e7\u00e3o; cozinha, entre outras. E prote\u00e7\u00e3o contra agentes qu\u00edmicos classe A tipo 1 e 2; Classe B e Classe C tipo 3.<\/p>\n","protected":false},"excerpt":{"rendered":"<p>CA: 30.915<\/p>\n","protected":false},"featured_media":955,"comment_status":"open","ping_status":"closed","template":"","meta":[],"product_brand":[],"product_cat":[18],"product_tag":[],"class_list":{"0":"post-383","1":"product","2":"type-product","3":"status-publish","4":"has-post-thumbnail","6":"product_cat-protecao-para-maos","8":"first","9":"instock","10":"shipping-taxable","11":"product-type-simple"},"_links":{"self":[{"href":"https:\/\/jotakaele.com.br\/index.php\/wp-json\/wp\/v2\/product\/383","targetHints":{"allow":["GET"]}}],"collection":[{"href":"https:\/\/jotakaele.com.br\/index.php\/wp-json\/wp\/v2\/product"}],"about":[{"href":"https:\/\/jotakaele.com.br\/index.php\/wp-json\/wp\/v2\/types\/product"}],"replies":[{"embeddable":true,"href":"https:\/\/jotakaele.com.br\/index.php\/wp-json\/wp\/v2\/comments?post=383"}],"wp:featuredmedia":[{"embeddable":true,"href":"https:\/\/jotakaele.com.br\/index.php\/wp-json\/wp\/v2\/media\/955"}],"wp:attachment":[{"href":"https:\/\/jotakaele.com.br\/index.php\/wp-json\/wp\/v2\/media?parent=383"}],"wp:term":[{"taxonomy":"product_brand","embeddable":true,"href":"https:\/\/jotakaele.com.br\/index.php\/wp-json\/wp\/v2\/product_brand?post=383"},{"taxonomy":"product_cat","embeddable":true,"href":"https:\/\/jotakaele.com.br\/index.php\/wp-json\/wp\/v2\/product_cat?post=383"},{"taxonomy":"product_tag","embeddable":true,"href":"https:\/\/jotakaele.com.br\/index.php\/wp-json\/wp\/v2\/product_tag?post=383"}],"curies":[{"name":"wp","href":"https:\/\/api.w.org\/{rel}","templated":true}]}}