{"id":381,"date":"2023-09-18T16:45:37","date_gmt":"2023-09-18T19:45:37","guid":{"rendered":"https:\/\/jotakaele.com.br\/?post_type=product&#038;p=381"},"modified":"2023-09-27T14:56:16","modified_gmt":"2023-09-27T17:56:16","slug":"luva-de-pvc-ca-37-559","status":"publish","type":"product","link":"https:\/\/jotakaele.com.br\/index.php\/produto\/luva-de-pvc-ca-37-559\/","title":{"rendered":"Luva De PVC Verde 35 CM"},"content":{"rendered":"\n<p class=\"has-black-color has-text-color\"><strong>DESCRI\u00c7\u00c3O COMPLETA <\/strong><\/p>\n\n\n\n<p class=\"has-small-font-size\">Luva de prote\u00e7\u00e3o confeccionada em policloreto de vinila \u2013 PVC, forro de tecido de algod\u00e3o, palma \u00e1spera, comprimento de 35mm. <\/p>\n\n\n\n<p class=\"has-black-color has-text-color has-small-font-size\"><strong>CA: 37.559<br><\/strong><\/p>\n\n\n\n<p class=\"has-black-color has-text-color\"><strong>INDICA\u00c7\u00c3O<\/strong><\/p>\n\n\n\n<p class=\"has-small-font-size\">Indicada contra agentes mec\u00e2nicos e qu\u00edmicos oferece \u00f3tima resist\u00eancia qu\u00edmica e conforto. O seu suporte em algod\u00e3o gauge 10 contribui para absor\u00e7\u00e3o da transpira\u00e7\u00e3o e da umidade proporcionando maior conforto.<\/p>\n","protected":false},"excerpt":{"rendered":"<p>CA: 37.559<\/p>\n","protected":false},"featured_media":958,"comment_status":"open","ping_status":"closed","template":"","meta":[],"product_brand":[],"product_cat":[18],"product_tag":[],"class_list":{"0":"post-381","1":"product","2":"type-product","3":"status-publish","4":"has-post-thumbnail","6":"product_cat-protecao-para-maos","8":"first","9":"instock","10":"shipping-taxable","11":"product-type-simple"},"_links":{"self":[{"href":"https:\/\/jotakaele.com.br\/index.php\/wp-json\/wp\/v2\/product\/381","targetHints":{"allow":["GET"]}}],"collection":[{"href":"https:\/\/jotakaele.com.br\/index.php\/wp-json\/wp\/v2\/product"}],"about":[{"href":"https:\/\/jotakaele.com.br\/index.php\/wp-json\/wp\/v2\/types\/product"}],"replies":[{"embeddable":true,"href":"https:\/\/jotakaele.com.br\/index.php\/wp-json\/wp\/v2\/comments?post=381"}],"wp:featuredmedia":[{"embeddable":true,"href":"https:\/\/jotakaele.com.br\/index.php\/wp-json\/wp\/v2\/media\/958"}],"wp:attachment":[{"href":"https:\/\/jotakaele.com.br\/index.php\/wp-json\/wp\/v2\/media?parent=381"}],"wp:term":[{"taxonomy":"product_brand","embeddable":true,"href":"https:\/\/jotakaele.com.br\/index.php\/wp-json\/wp\/v2\/product_brand?post=381"},{"taxonomy":"product_cat","embeddable":true,"href":"https:\/\/jotakaele.com.br\/index.php\/wp-json\/wp\/v2\/product_cat?post=381"},{"taxonomy":"product_tag","embeddable":true,"href":"https:\/\/jotakaele.com.br\/index.php\/wp-json\/wp\/v2\/product_tag?post=381"}],"curies":[{"name":"wp","href":"https:\/\/api.w.org\/{rel}","templated":true}]}}