{"id":1129,"date":"2023-09-23T10:09:06","date_gmt":"2023-09-23T13:09:06","guid":{"rendered":"https:\/\/jotakaele.com.br\/?post_type=product&#038;p=1129"},"modified":"2023-09-28T15:01:48","modified_gmt":"2023-09-28T18:01:48","slug":"suporte-para-balde-de-aluminio-ferro","status":"publish","type":"product","link":"https:\/\/jotakaele.com.br\/index.php\/produto\/suporte-para-balde-de-aluminio-ferro\/","title":{"rendered":"Suporte Para Balde de Alum\u00ednio &#8211; Ferro"},"content":{"rendered":"\n<p class=\"has-text-align-left has-small-font-size\"><strong>DESCRI\u00c7\u00c3O COMPLETA<\/strong><\/p>\n\n\n\n<p class=\"has-text-align-left has-black-color has-text-color has-small-font-size\">Suporte Para Balde de Alum\u00ednio &#8211; Ferro refor\u00e7ado<br><br>*Consultar estoque dispon\u00edvel*<\/p>\n","protected":false},"excerpt":{"rendered":"<p>DESCRI\u00c7\u00c3O COMPLETA Suporte Para Balde de Alum\u00ednio &#8211; Ferro refor\u00e7ado *Consultar estoque dispon\u00edvel*<\/p>\n","protected":false},"featured_media":1130,"comment_status":"open","ping_status":"closed","template":"","meta":[],"product_brand":[],"product_cat":[21],"product_tag":[],"class_list":{"0":"post-1129","1":"product","2":"type-product","3":"status-publish","4":"has-post-thumbnail","6":"product_cat-transporte-cargas-perigosas","8":"first","9":"instock","10":"shipping-taxable","11":"product-type-simple"},"_links":{"self":[{"href":"https:\/\/jotakaele.com.br\/index.php\/wp-json\/wp\/v2\/product\/1129","targetHints":{"allow":["GET"]}}],"collection":[{"href":"https:\/\/jotakaele.com.br\/index.php\/wp-json\/wp\/v2\/product"}],"about":[{"href":"https:\/\/jotakaele.com.br\/index.php\/wp-json\/wp\/v2\/types\/product"}],"replies":[{"embeddable":true,"href":"https:\/\/jotakaele.com.br\/index.php\/wp-json\/wp\/v2\/comments?post=1129"}],"wp:featuredmedia":[{"embeddable":true,"href":"https:\/\/jotakaele.com.br\/index.php\/wp-json\/wp\/v2\/media\/1130"}],"wp:attachment":[{"href":"https:\/\/jotakaele.com.br\/index.php\/wp-json\/wp\/v2\/media?parent=1129"}],"wp:term":[{"taxonomy":"product_brand","embeddable":true,"href":"https:\/\/jotakaele.com.br\/index.php\/wp-json\/wp\/v2\/product_brand?post=1129"},{"taxonomy":"product_cat","embeddable":true,"href":"https:\/\/jotakaele.com.br\/index.php\/wp-json\/wp\/v2\/product_cat?post=1129"},{"taxonomy":"product_tag","embeddable":true,"href":"https:\/\/jotakaele.com.br\/index.php\/wp-json\/wp\/v2\/product_tag?post=1129"}],"curies":[{"name":"wp","href":"https:\/\/api.w.org\/{rel}","templated":true}]}}